
Let w = 20 - 22. Is 295/(1 - 2 - w) a composite number?
True
Let n = 3266 + 10587. Is n prime?
False
Is -1 + (14/(-5))/(30/(-107550)) prime?
True
Is 45380/28 + (-12)/(-42) composite?
False
Let v be -12*3/(-12)*13. Suppose v + 13 = 4*k. Is k a composite number?
False
Suppose 0 = -r - 2*t - 6, -3*r + 0*t + 4*t = -12. Suppose r = 3*b - 853 - 26. Is b a prime number?
True
Let g(w) = -w**3 - 14*w**2 + 14*w - 22. Let m be g(-15). Is (m/(-14))/((-2)/(-4916)) a composite number?
False
Suppose -8*j - 23*j + 1151309 = 0. Is j a composite number?
False
Let q be (-3 + -954)/3 - 1. Let t = q + 449. Let o = 20 + t. Is o a composite number?
False
Let d(u) = 3671*u - 9. Let l be d(4). Suppose -27*y + l = -22*y. Suppose -y = -3*h - 2*h. Is h prime?
True
Let q = -6 - -10. Suppose -5*r = q*r - 18. Suppose -r*g + l = -1772, l - 6*l = -10. Is g a prime number?
True
Let r be 1/(165/(-83) - -2). Let o(a) = 4*a**2 + 7*a - 5. Let m be o(-9). Let p = m + r. Is p prime?
False
Let v = 77 - 168. Let a = 3 - v. Is (5 + -6)/((-2)/a) a prime number?
True
Let w(x) = 7637*x + 25. Is w(8) a prime number?
True
Let f(i) = -i**3 - 7*i**2 - 7*i + 1. Let b be f(-6). Suppose b = -7*h - 0. Is (-4)/h + 0 + 21 prime?
False
Suppose 4*s + 3736 = 4*z, s = 4*z - 6*z + 1853. Is z a composite number?
False
Suppose -2*c + 13*m - 16*m = -36448, -91129 = -5*c - 3*m. Is c a composite number?
True
Is (-5779)/(1/(10/(-42)) - -4) a prime number?
False
Suppose a - 2*r = 2121, -r - 10422 = -4*a - 1910. Is a prime?
True
Is (6/36 - (-57)/9)*5498 composite?
True
Suppose 16*g - 58161 = -9185. Is g prime?
True
Let w(j) be the first derivative of 17*j**3 - 26*j - 38. Is w(5) composite?
False
Let n(b) = 152*b**3 + 3*b**2 + b - 23. Is n(3) composite?
False
Suppose 4*t = z - 555, -z + 461 + 103 = -t. Suppose p = -p + c + 1169, p = 4*c + z. Is p a composite number?
False
Suppose 8935 + 56748 = 19*b. Is b a composite number?
False
Let b(m) = 7*m**2 - 15*m - 3. Let h be b(-10). Let v = 1404 - h. Is v prime?
True
Is 3914 - (0 - 63/(-9)) prime?
True
Suppose -34586 + 318627 = d. Is d prime?
True
Let d(a) = a**2 + a + 4. Let l be d(0). Suppose l*i + 0 = 12. Is (-3 - (-9)/i) + 1049 a prime number?
True
Let i = 23916 + -15857. Is i prime?
True
Let l(d) = 109*d - 139. Is l(6) a composite number?
True
Let l(k) = 7*k + 38. Suppose 2*q - 6 + 10 = 0. Let f(m) = -3*m - 19. Let t(o) = q*l(o) - 5*f(o). Is t(0) composite?
False
Let p be 162/15 - (-8)/(-10). Suppose 0 = -8*x + p*x - 382. Is x composite?
False
Let a be 2/9 + (-3 - (-103173)/(-27)). Let n = 2129 - a. Is n composite?
False
Let r(u) = 2*u**3 - 16*u**2 - 7*u - 140. Is r(26) a composite number?
True
Is (-2)/((-12)/(-277557)*1/(-2)) prime?
False
Let t be (-44)/11*(-5)/4. Suppose 4*x - 6331 = t*r, -r + 3158 = 2*x - 5*r. Is x composite?
True
Suppose -94294 = -6*a - 5596. Is a prime?
True
Let k = 36654 - 16121. Is k a prime number?
True
Let m = 118 - -208. Is m prime?
False
Let c(o) = 5*o**3 - 2*o**2 - o - 12. Let s(h) = 26*h**3 - 9*h**2 - 6*h - 59. Let l(z) = 11*c(z) - 2*s(z). Is l(4) composite?
True
Let y = 11136 - 7895. Suppose i + 4*u = 805, 5*i - i - 5*u = y. Is i a prime number?
True
Suppose 0 = -3*r + 20 + 7. Let j be (15/r)/(1/(-6)). Let z(t) = t**3 + 14*t**2 - 6*t - 11. Is z(j) prime?
True
Let t be 12/8 - (-1)/2. Let q = t + 2. Let d(y) = 26*y**2 - 5*y - 1. Is d(q) composite?
True
Suppose 29*r - 23225 = 24*r. Is r composite?
True
Let m = 29199 - -6904. Is m a composite number?
True
Suppose -3*h = -3*b - 24, 0 = -3*h - 3*b + 4*b + 20. Suppose q - 4*f + 21 = h, 5*q - 3*f = -7. Let n(a) = 156*a**3 + 2*a**2 - 2*a + 1. Is n(q) prime?
True
Suppose 4*w + 3*b + 0*b - 46 = 0, w - 4 = 3*b. Suppose 3*f - w = 5. Suppose -389 = -f*y + 426. Is y a prime number?
True
Let d = 15 + 92. Suppose -10*w = -417 + d. Is w a prime number?
True
Let t(p) = -97*p**3 - 5*p**2 - 2*p - 1. Let o be 17 + 9/(9/(-2)). Suppose 2*x + 3*x = -o. Is t(x) prime?
True
Let u be ((-45)/18)/((-2)/(-4)). Is (78/4)/(u/(-10)) composite?
True
Let h(n) = 316*n - 207. Is h(23) prime?
False
Let l = -1337 - -3063. Is l a composite number?
True
Let i = 512 - 1271. Let z = -542 - i. Is z composite?
True
Suppose -1929725 = 52*h - 77*h. Is h a composite number?
True
Let v = 6438 + 11083. Is v prime?
False
Let x be 2/6 + 4/(-12). Suppose x = 5*p - g - 784, -5*g + 13 = -2*p + 322. Is p composite?
False
Suppose 0 = -5*s + 3*r + 2, 4*s + 0*r = 4*r. Let k = -1 - s. Is (k + 2 - 1) + 80 prime?
True
Suppose -5*y + 6*y = -24000. Is y/(-30) + (1 - 0)*-3 prime?
True
Suppose -3*t = -6*t - 129. Let k = t - -81. Is k a prime number?
False
Is 28/7 - -1*805 a composite number?
False
Let n = -18 + 18. Suppose n = -t + 6*t. Suppose t = 21*f - 23*f + 154. Is f composite?
True
Let h(j) = 3*j**2 - 16*j**3 + 3 - 12*j**3 - 13*j**3 + 4*j - 1. Suppose 0 = o - 5*o - 8. Is h(o) a prime number?
False
Suppose -681 = -2*j - 5*b, -2*j + b + 427 = -236. Suppose -5*a - 5*x + j = -4997, 5295 = 5*a - 2*x. Is a a composite number?
False
Is ((-18822)/4)/((-5)/((-100)/(-15))) a prime number?
False
Let y(f) = 17*f**3 - 2*f**2 - 13*f + 5. Is y(4) composite?
False
Is (12 - (-231420)/108) + 2/9 a prime number?
False
Suppose 2*p - 7519 = -3*x, 0 = 3*x + 3. Is p prime?
True
Suppose -4*z - 5*u = -4629, -6*z + 2*z = -u - 4599. Is z composite?
False
Suppose -5*s - 52 = -3*c, 0 = -0*s - 3*s + 5*c - 44. Let j(k) = -2*k**3 - 9*k**2 - 2. Is j(s) a composite number?
True
Is (-4)/7 - 4/(140/(-3625)) a prime number?
True
Let v(q) = q**2 - 2*q - 1. Let z be v(3). Let t(r) = r**2 - r + 1. Let f be t(z). Suppose g = f*g - 178. Is g a composite number?
False
Let c(f) = -5 + 8 + 1 - 3 - 1366*f. Is c(-1) a composite number?
False
Let i(v) = 4*v**2 + 1. Let m be i(1). Suppose -5*o - 220 = -m*p, -5*o = -0*p + 2*p - 53. Suppose -2*j + 5*s + p = -80, -10 = 2*s. Is j composite?
False
Let c(m) = -918*m + 95. Is c(-2) prime?
True
Let u(m) = 2*m - 3. Let i be u(8). Suppose -3*t - 4 = -4*p + 6, -5*p = -4*t - i. Let d(z) = 46*z**3 + z**2 - z + 1. Is d(p) prime?
True
Let f be (-61640)/(-69) - (-4)/6. Suppose -f = -3*x - 3*n, -1982 = -5*x + 2*n - 513. Is x a composite number?
True
Let z(s) = s**2 + 2*s - 2. Let m be z(2). Let g(c) = 2*c**3 - 8*c**2 - c + 14. Let u be g(m). Let o = 709 - u. Is o a composite number?
False
Let p be -1 + (-2 - 1180/(-1)). Let t be (-3 - 56)/(-3*2/(-60)). Let w = t + p. Is w a composite number?
False
Let o = 2668 + -361. Is o composite?
True
Suppose 55244 = 4*i + n, 0 = i + n + 3220 - 17031. Is i a prime number?
False
Suppose -5*u + 3728 = 3*u. Suppose -v + 4*o = -o - u, -2*o = -5*v + 2238. Is v a prime number?
False
Let b = 3438 - 1797. Is 5/(10/b) + (-6)/(-12) a prime number?
True
Suppose 5*a = 3*z - 257, 4*z + 0*z + 2*a - 308 = 0. Let i = z - 42. Let r = i - 23. Is r a prime number?
False
Let l = 34 + -32. Suppose l*f - 12 = -f. Suppose 2*r + 13 = 3, 0 = f*p + 3*r - 461. Is p prime?
False
Suppose q - 5*w + 10 = -3*w, 5*q - 25 = -5*w. Suppose q = a - 49 + 21. Is (-2)/(-2) + (a - -4) prime?
False
Let p = 10 + 2. Let f(o) be the third derivative of o**4/2 - o**3/3 + 37*o**2. Is f(p) a prime number?
False
Suppose 49*v = 53*v. Is 3/(6 - v)*(255 - 1) composite?
False
Let h(v) = 1837*v + 58. Is h(3) a composite number?
False
Let h(z) = -4*z**3 + 17*z**2 - 10*z - 16. Let v(u) = 3*u**3 - 16*u**2 + 10*u + 16. Let o(d) = 5*h(d) + 6*v(d). Is o(-9) composite?
True
Suppose -118957 = -3*q + 4*l, q + 13*l = 8*l + 39684. Is q prime?
True
Suppose f + 35*f = 521244. Is f a composite number?
False
Let j(t) = -35*t + 57. Let b be j(-5). Suppose 51 = 4*d + 295. Let r = b - d. Is r prime?
True
Suppose 2*r - 40361 = k - 13482, 2*r - 5*k = 26867. Is r a prime number?
True
Let p(g) = 20*g**3 - 8*g**2 - 9*g + 2. Is p(7) a composite number?
True
Let n(t) = t**2 + 15*t - 13. Let v be n(-16). Suppose -v*b = 6 + 3. Let k(g) = -35*g + 8. Is k(b) a prime number?
True
Let t(x) = -8*x - 1. Let y be t(1). Let v = y - -5. Is 2 + (-10)/v*234 composite?
False
Let t(p) = 3*p**3 - p. Let h be t(1). Suppose 424 = -b + 2*b - 3*s, -h*b + 3*s = -863. Let r = -228 + b. Is r a composite number?
False
Suppose 122235 + 47427 = 6*t. Is t composite?
False
Let d = -76 + 162. Let u be (-7)/(-2)*(1 + -7). Let s = d + u. Is s composite?
True
Suppose 3*i = 2*q - 55895, 5*i + 68083 = 3*q - 15759. Is q compo